What is the tens digit of (-8)/s*8 + 477?
7
Suppose -38*h + 33*h = 5, -5*j + 5*h + 103915 = 0. What is the ten thousands digit of j?
2
Suppose 0*l = 2*l - 4*t - 16, -t = 5*l - 7. Suppose -l*u + 14 = -u. What is the units digit of -3 + 1342/14 + 2/u?
3
Suppose 39*b = -78992 + 727857 + 58049. What is the units digit of b?
6
Let c = 82 - 77. Suppose 3*y - c = -h, -4*h - 7 = -3*y + 18. What is the units digit of 134 - (-1 - (-1 + h))?
0
Suppose -4*k - 99 = -q, 4*q - 2*k = 3*k + 341. Suppose 0 = 2*t + w - 84, 2*w + 46 = -3*t + 170. Let h = q - t. What is the units digit of h?
5
Suppose -3*z = -4*l + 2428 - 182460, 4*z + 8*l = 240016. What is the tens digit of z?
0
What is the units digit of 9671840/360 - -19 - 1/(18/4)?
5
Suppose 3*h - u - 27630 = 0, 59*h - 9236 = 58*h - 4*u. What is the tens digit of h?
1
What is the ten thousands digit of (-1196195)/(-286)*22/7?
1
Suppose -5142250 - 1419340 = -245*c. What is the thousands digit of c?
6
Let f(d) = 8*d - 30. Suppose -11*m = -5*m - 24. Let j be f(m). Suppose -w - 3*i + 84 = 0, -j*w + 247 - 78 = 5*i. What is the tens digit of w?
8
Let z(d) = d**2 + 7*d + 8. Let k be z(-6). Suppose -4*l = -k*l. Suppose -2*q - 350 = -4*a, -4*a - 2*q + 346 = -l*a. What is the tens digit of a?
8
Let x = 65 + -46. Suppose -15*w = -x*w + 744. What is the hundreds digit of w?
1
Let n(l) = -37*l**2 + 6*l - 6. Let w be n(-3). Let f = w + 820. What is the hundreds digit of f?
4
Suppose 233*c + 4*g = 237*c - 127572, 0 = 5*g + 10. What is the tens digit of c?
9
What is the ten thousands digit of (280/48*28/5)/(2/684)?
1
Let s(b) = -599*b**3 - b**2. Suppose r = -x + 1, -x - 3*r + 4 = -1. Let o be s(x). Suppose -o = -4*y + 3*l, l - 3*l - 4 = 0. What is the hundreds digit of y?
1
Let l = -112 - -181. Let w = l + 115. What is the tens digit of w?
8
Suppose -v = 2*c - 25, 0*c = -3*c + 2*v + 55. Suppose c = 3*f, 5*f + 14 - 63 = -3*w. What is the tens digit of 13/(-2)*(-16)/w?
1
Suppose -g + 2*v = -102, -11*v + 14*v - 92 = -g. Suppose -3*k = -1717 - g. What is the hundreds digit of k?
6
What is the ten thousands digit of (1078/4 - 1)*7/((-182)/(-7852))?
8
Let j = 284 + -274. Suppose -x - a = 38 - 362, -2*a - j = 0. What is the tens digit of x?
2
Let a(w) be the second derivative of w**4/6 - 5*w**3/6 - 2*w**2 + 2*w. Let g(t) be the first derivative of a(t). What is the tens digit of g(4)?
1
Let f = -162 - -308. Suppose f = -6*h + 698. What is the units digit of h?
2
Let p(k) be the third derivative of 23*k**4/6 + k**3 + 17*k**2 + 2*k. What is the tens digit of p(4)?
7
Let r = 3728 + -1224. What is the units digit of r?
4
Let d = -8851 + 16431. What is the hundreds digit of d?
5
What is the units digit of (50*(-30)/48)/(2/(-16)) - 1?
9
Let l be ((-6)/4)/((-2)/(-192)*9). Let d be l*3/(-21) + (-8)/28. Suppose -b = -d - 28. What is the units digit of b?
0
Let m(b) = -b**2 + b. Let v(f) = 51*f**2 - 9*f - 5. Let n(l) = 21*m(l) + 3*v(l). What is the hundreds digit of n(-2)?
5
Suppose 2*u = -t + 38022, 4*u - 76100 = t + 4*t. What is the ten thousands digit of u?
1
Suppose -4*l + 12 = -7*l. What is the units digit of (-2)/(-10) + l/((-40)/4038)?
4
Let g be (-1*64/12)/((-2)/12). Let d(f) = f**2 - 4*f - 5. Let y be d(5). Suppose -12*c + 524 - g = y. What is the units digit of c?
1
Let n(l) = 4*l - 52. Let f(y) = 5*y - 51. Let v(p) = 7*f(p) - 6*n(p). Suppose -z - 2*g + 5 = 0, 150*z + g + 69 = 155*z. What is the tens digit of v(z)?
9
Let a(k) = 0*k**2 + 4*k - 36 + k**2 - 2*k**2 - 22*k. What is the tens digit of a(-14)?
2
Suppose -40935 - 23362 = -113*g. What is the units digit of g?
9
Let p = -63 + 75. Suppose p*m + 4*m = 6*m. Suppose -5*k + o - 350 = -1055, m = -5*k + 5*o + 725. What is the tens digit of k?
4
Let f(b) be the third derivative of 7*b**4/2 - 3*b**3 + 35*b**2. What is the hundreds digit of f(2)?
1
Let d(s) = 8*s**2 - 3*s**3 + 38 - 2*s - 40 - 26. What is the units digit of d(-7)?
7
Let t(w) = -58*w**3 - 4*w**2 + 51*w + 164. What is the hundreds digit of t(-3)?
5
Suppose 9 + 9 = 3*l. Suppose -2594 = -l*r + 436. What is the units digit of r?
5
Let c be (44/(-33))/((-2)/3). Let f be c - (324/4 + 2). Let v = 128 + f. What is the units digit of v?
7
Suppose -60*q + 66*q - 4086 = 0. What is the hundreds digit of q/(((-24)/(-4))/6)?
6
Suppose -4*p = 5*d - 174, 0*p = -3*d + 2*p + 122. Suppose 5*y + d = 8. What is the units digit of 0 + 3/y + 1105/26?
2
What is the units digit of (1664 - (4 - -8)) + (-2 - -10)?
0
Suppose -35*k = 28391 - 412796. What is the hundreds digit of k?
9
Let r = 62 + -43. Let v = 20 - r. Let o(w) = w**3 - 2*w**2 + 2*w. What is the units digit of o(v)?
1
Suppose 4*l + 590 = 2*b, -3*b - 3*l + 193 = -683. Let v = -42 + b. What is the tens digit of v?
5
Suppose -9020 = -5*v + 4*u, u + 524 = -5*v + 9544. What is the units digit of v?
4
Let w be (2/(-3))/(1/(-18)). Let a = 3 + w. What is the tens digit of (12/9)/(1/a)?
2
Let u be 69/(-138) + (-113)/(-2). Suppose u*k = 46*k + 13040. What is the tens digit of k?
0
Let b = -44 + 47. Let o(v) = -92*v - 6*v**2 + 14*v**2 + 88*v - 10. What is the tens digit of o(b)?
5
Suppose 0 = w - 2*z - 1495 - 2264, 3771 = w + z. What is the thousands digit of w?
3
Let v(l) = 6*l**2 - 2*l + 90. Let o be v(-15). Suppose -5*k + 3665 = 5*t, -t + o = t + 3*k. What is the hundreds digit of t?
7
Suppose 34*h - 91682 = -26742. What is the hundreds digit of h?
9
Let l be 4/(-14) - (-128)/56. Let g be (0*4/16)/(0 + l). Suppose 5*a - 5*k = 528 + 177, -4*a + 5*k + 565 = g. What is the tens digit of a?
4
Suppose v - 4*w + 3*w - 1395 = 0, 3*v - 4200 = -2*w. Let h = v + -961. What is the units digit of h?
7
Suppose -6*d = d - 14. Suppose -4 = d*h + 2. Let t(s) = -18*s - 19. What is the tens digit of t(h)?
3
Suppose -1030 = 5*f + 1900. Let v = -111 - -961. Let q = v + f. What is the tens digit of q?
6
Let b be ((-24)/14)/((-4)/(-98)). Suppose 4*i = g + 25, 4*g - 147 + 156 = 3*i. What is the units digit of (-2 + (-1224)/b)*(0 + i)?
0
Suppose -171*b + 176*b + 10 = 0, 2*x = b + 7564. What is the units digit of x?
1
Let f be -3 - 0 - (-1 - 2). Suppose 6*w + 97 + 53 = f. Let v(n) = -3*n - 16. What is the tens digit of v(w)?
5
Let u = -10041 - -24540. What is the ten thousands digit of u?
1
Suppose -17*k + 205525 = 5095. What is the units digit of k?
0
Let b(l) = -11*l**3 - 12*l**2 - l + 70. What is the thousands digit of b(-8)?
4
Let a(c) = -472*c - 1336. What is the thousands digit of a(-18)?
7
Suppose 49*s + 270 = 39*s. Let h(g) = -g**3 - 28*g**2 - 26*g + 32. What is the units digit of h(s)?
5
Let f(y) = y**3 + 69*y**2 + 495*y - 5. What is the thousands digit of f(-36)?
4
Suppose -19*b - 13*b - 45386 = -43*b. What is the hundreds digit of b?
1
Suppose 4*v + 2*f - 28 = 0, -v - 4*f + 2 + 12 = 0. Suppose v*w = 4345 - 727. What is the hundreds digit of w?
6
Suppose 10045 = 31387*z - 31386*z. What is the tens digit of z?
4
Let p be (-14)/4*29/(203/(-4)). What is the hundreds digit of (0 + (-171)/6)*p*-10?
5
Let y be 1 + (-132)/(-6) + -3. Suppose 0 = y*h - 14681 - 8499. What is the hundreds digit of h?
1
Let p = -2233 + 3183. Let a be (p - -3) + 3/(-1). Suppose -2*y - 3*y - 4*d + 995 = 0, a = 5*y - 5*d. What is the hundreds digit of y?
1
Suppose 2152*b = 2149*b + 10428. What is the tens digit of b?
7
What is the tens digit of (797/1)/(52/624)?
6
Let p = -393 + 7586. What is the thousands digit of p?
7
Let c be ((-1)/2)/((-10)/1100). Let w = -75 - -47. Let x = w + c. What is the tens digit of x?
2
Suppose -4*k = -60*z + 63*z + 30, z - 5*k - 9 = 0. What is the units digit of 1 + (z + 2)*(-3)/3?
5
Suppose 93 = 6*h + 57. Suppose -2422 - 776 = -h*u. What is the units digit of u?
3
Suppose 208*q + 162*q - 4752642 = 64018. What is the units digit of q?
8
Let o be 398*(10/(-4) + 3). Suppose 27 = 4*f + o. What is the units digit of ((-11)/22)/((-2)/(-4))*f?
3
Let d(c) = 5*c**2 + 29*c + 22. Let f be d(-5). Suppose -5*g + 3700 = -5*s + 6*s, f*s - 1480 = -2*g. What is the tens digit of g?
4
Suppose -c = -3*u + 49, -u + c = u - 32. Suppose 6*q - u*q + 6633 = 0. What is the tens digit of q?
0
What is the thousands digit of (-5 - 26/(-6) - 0)/((-2)/28740)?
9
Let y(q) = q + 17. Let v(o) = 2*o + 35. Let s(c) = -4*v(c) + 9*y(c). Let i be s(-12). Suppose i + 2 = 3*w, -4*x + 137 = -3*w. What is the tens digit of x?
3
Suppose v + 2*d + 